9) + ((-2 - 0) + 3 - 2)?
17
Calculate 33 - (-32 + 117 - 25).
-27
What is the value of (-3 - -5) + (0 - (-6 - -2)) - -2?
8
What is (-4 - (6 + -12)) + -3 + 8?
7
What is 9 - 0 - (5 - -21) - (1 + -1)?
-17
What is 3 + (-121 - -92) + 0 + 8?
-18
What is the value of -7 + 23 + 0 + 2?
18
What is the value of 0 - -8 - (-495 + 502 + -1 + 3)?
-1
(-20 - -15 - -24) + -28
-9
Evaluate 4 - 1 - (31 - (10 + 25)).
7
What is the value of (1 - (-11 + (-2 - -6))) + 3?
11
What is the value of -3 + 8 - (-9 - (4 + (-7 - -1)))?
12
What is the value of (-13 - 1) + (37 - 30)?
-7
(130 + -121 - (41 + -2)) + 10
-20
What is the value of -8 + -2 - (-6 + -9 + -4)?
9
(-3 + 2 + -2 - (10 - 11)) + 7
5
What is -1 + (1 - (22 - 4 - 9))?
-9
Evaluate (0 - -1) + (1 + 15 - 2) + 3.
18
Evaluate (122 - 35) + -95 - (1 + 2).
-11
Evaluate 74 - (-5 + 49) - (1 - 3).
32
11 - (-12 + (-8 - -36))
-5
What is the value of (-5 - -4) + (-37 - -40)?
2
4 + (-2 - -6) - (-8 + 24)
-8
32 + -16 + -23 + 16
9
What is (3 + -1 - -11) + -7 + 7 + -1?
12
Calculate 20 + (-38 - (-15 - 3)).
0
Evaluate (-368 - -362) + (1 - (-17 - -3)).
9
What is the value of 56 + (-11 - 12) - 30?
3
Calculate (25 - 37) + -1 + (5 - 9).
-17
What is 5 - (10 + 0 + -8)?
3
What is 1 + (0 + -8 - (33 - 56))?
16
Calculate 13 - ((-24 - -19) + 22).
-4
What is 15 + -1 - ((-13 - 14) + 29)?
12
What is the value of 8 - (-31 - (-1 + (10 - 27)))?
21
Calculate (-15 + 5 - (6 - 1)) + 12.
-3
(-1 - (-2 + 1)) + 41 + -24 + -19
-2
Calculate -11 + 17 + -8 + -9 + 4.
-7
Evaluate 10 + (0 - (8 - 18)) + -11 + -11.
-2
(-5 - 0) + -4 + 7 + 10 + 3
11
What is (13 - (18 + -6)) + -8 + 26?
19
(3 - -3 - 15) + -10 + 3 + 15
-1
What is (-25 - -1) + (-43 - -24 - 6) + 22?
-27
What is the value of 9 + (1 - 1) - (1 + 24 - 39)?
23
What is (37 - 38) + (19 - 3)?
15
-9 + (5 - -6) + 1 + -19
-16
Evaluate -8 + 14 - -7 - 24.
-11
What is (-14 - -9) + (1 + 0 + 2 - 8)?
-10
208 + -200 - (0 + -7 + -13 + 11)
17
What is the value of (0 - -29 - 0) + (-276 - -260)?
13
-4 + -7 + (15 - -2)
6
-1 + -1 + (13 - 0) + -24 + 1
-12
What is 53 + -71 - ((0 - -2) + -2)?
-18
What is the value of (9 - 1) + (-12 - 3)?
-7
Calculate -2 + 2 + 1 + 25 - (-1441 + 1443).
24
What is (-19 - (-14 + -15)) + -16?
-6
Calculate (87 - 110) + 1 + (-2 - -13) + -22.
-33
27 + 2 + -11 + -7
11
What is the value of -9 - (0 - ((-13 - -24) + -21))?
-19
What is 4 - (28 - (2 - -6))?
-16
Evaluate -17 - 0 - (56 + (-35 - 21)).
-17
Evaluate 22 + -7 + 2 + -1.
16
Evaluate -7 + 10 + 1 - (17 - 13) - -1.
1
What is 25 + 27 + -13 + -37?
2
Calculate 6 - (6 + (2 - 3) + -31 + 26).
6
24 + 64 + -65 - (0 - 5)
28
What is the value of 15 + (-55 - (-17 - (1 - 9)))?
-31
What is the value of 18 - (-5 + 12) - -3?
14
-1 - 4 - (-749 + 743)
1
-6 + (1 - 9) + 8
-6
What is the value of 29 + (2 - 23) + 12?
20
What is the value of 4 + (29 - (40 - 20))?
13
What is the value of -6 + -2 - (2 + (16 - (9 + -11)))?
-28
What is -8 + (5 - -2 - -3 - 7) - -10?
5
(-17 - (-6 + -2) - -4) + 13
8
What is -3 - -13 - (0 - (2 - 1))?
11
(0 - (-1 - -10)) + -85 + 45 + 43
-6
What is the value of -9 + (5 + -2 - 8 - -13)?
-1
Evaluate (-21 + 45 - 36) + 26.
14
18 + -406 + 395 + 2 + 0 + 1
10
What is the value of 6 + (-11 - 8) + 8?
-5
-7 - (-10 + -2 + 2)
3
What is 0 + (14 + -53 - -14)?
-25
What is (-10 + 34 - 23) + -11?
-10
What is the value of 18 - (5 - -9) - (-2 - -1)?
5
Evaluate (0 - (24 + -9)) + 14.
-1
-10 - (0 + (-7 - -18) + -21)
0
Evaluate (-13 - -2) + (10 - -11) + -8.
2
What is the value of (-1 - ((-6 - 3 - 1) + 5)) + 0?
4
10 - ((37 - (4 + -5 + 5)) + -2)
-21
Evaluate -4 - (-21 + -1 - (-16 - -5)).
7
14 - 4 - (-33 + 52 - (-3 - -15))
3
Evaluate -3 + (-25 - -19) + (-2 - 5) + 5.
-11
Calculate -3 + (1 + 2 - (-20 - -24)) + 9.
5
Evaluate -6 + (19 - 15 - (-3 - -1)) + 0.
0
(1 - -4) + -8 + (2 - (-2 + 4))
-3
What is the value of -9 + 28 + -26 + -15?
-22
-2 - (-11 - 1) - (-23 - -27)
6
Calculate -2 + 7 - (-14 + (1 - -5) + 9).
4
Evaluate -9 - (1 + 0 + 1 - (4 + 2)).
-5
What is the value of (-5 - 3) + 32 + -30?
-6
What is the value of -30 - (-20 + 27) - -75?
38
Evaluate 5 - (0 + 17 + 1).
-13
Calculate -8 + 9 + -1 + (-10 - -2).
-8
What is the value of 5 + -5 + -13 + 11?
-2
What is the value of -5 + 0 - -2 - -10 - (-4 + 9)?
2
What is 34 + (-29 - 15 - -5)?
-5
Evaluate -11 - (-4 - ((-3 - 2) + 3 + 2)).
-7
What is -5 - (0 + (-10 - -7 - 7))?
5
What is the value of 0 + 8 + -8 + (-1 - 1) - -2?
0
-8 + (2 - -6 - (-40 - -49))
-9
Evaluate (11 - (65 + -29)) + 21.
-4
Evaluate (18 - 27) + (7 - -4).
2
Calculate (-1 - 2) + (-120 - -128) + -20.
-15
Evaluate 9 + -18 + 9 + 7.
7
What is 7 - (-2 - -22 - 6 - 8 - -7)?
-6
-1 + -7 + 9 + 10 + -21 - -1
-9
-12 - -7 - 9 - -14
0
-2 - (-3 - (8 + (-4 - 3)))
2
Evaluate -13 - (4 + 3 + -7 + (-1 - 4)).
-8
34 + 4 + -8 - (-10 + 26)
14
Calculate -10 + 6 + -3 - (2 + -16).
7
Calculate 0 + 1 + -6 + (-5 - (2 + -29)).
17
What is the value of (-1 - -10) + (-6 - -12 - 9 - 38)?
-32
Evaluate -21 + (-8 + 12 - -12) + -8.
-13
What is the value of (14 - 8) + -17 + -4?
-15
Evaluate 5 + -11 - (5 - 3 - -4).
-12
What is the value of 9 - (-4 - ((-2 - -7 - 7) + -8))?
3
Calculate 9 + 4 + -6 - 20.
-13
What is the value of 8 + -5 + -12 + (5 - -2 - 4)?
-6
Calculate 12 + (-1 + -2 - (-25 - -14 - -10)).
10
Evaluate (-10 - -5 - -11) + -4 + 3.
5
What is the value of -56 - (18 + (-1 - 46))?
-27
Calculate 6 - (9 - 5) - (-51 - -49).
4
Calculate (7 - (9 + 19 + -5)) + -6.
-22
Evaluate 6 - (6 + -9) - 15 - (2 + -13).
5
Calculate -18 + (-1 - (14 - -2 - 7)).
-28
-54 + 30 - 31 - -28
-27
What is -15 + (27 - -3) + (-24 - -8)?
-1
What is the value of -47 + 55 - (5 + -1 - (6 - -6))?
16
What is -23 + 6 + -16 - -45?
12
Evaluate (-21 + 19 - (5 + (-4 - -2))) + 8.
3
-5 + 0 + 1 + -2 - (-2073 + 2097)
-30
-10 - ((-4 - -4) + -3)
-7
-3 - (-4 + 4 - 4 - (9 - 13))
-3
Evaluate 18 + (-3 - 28) + (2 - -8).
-3
What is -24 - (-28 + 20 + -4)?
-12
What is 19 - (-5 + (-9 - -30))?
3
What is the value of (-3 - ((-14 - -8) + -1)) + 6?
10
Calculate (-2 - -5) + 7 - 21 - 2.
-13
Evaluate 5 - (5 + -3 - (-1 + -3)).
-1
Calculate (212 - 215) + (-4 - -1) + 12.
6
What is 28 - (14 - -24) - -22?
12
(-1 - 0) + (11 + -18 - -13) + -4
1
Calculate 55 + -73 - (-35 + -3).
20
-32 - -33 - (-14 + 0) - (2 + -5)
18
Calculate (33 - 24) + 14 + -11.
12
What is (-35 - -100) + -32 + 3?
36
Evaluate -141 + 135 - (-11 - (-3 + 0)).
2
Evaluate 298 + -290 - (-22 + (2 - (-3 - -4))).
29
What is -145 + 152 + (2 - (3 - -1))?
5
What is -30 - (-24 - (12 + -19))?
-13
What is 3 + (8 - 4) + (6 - 10 - 2)?
1
Evaluate 5 - (-3 + 13) - -2 - 20 - -7.
-16
What is the value of (6 - 20 - 2) + (-16 - -3)?
-29
25 + (-45 - -3) - (2 + -26)
7
What is the value of 6 - -2 - (0 + -1 + 17) - 5?
-13
Calculate -11 - (-9 - (-12 + 9) - -5).
-10
Calculate (-23 - -10) + 6 + 5 + -5 + -9.
-16
Calculate (-6 - (-15 - -1 - -4)) + 3 + -17.
-10
What is (-16 - (0 + 4 + -18)) + -1 + 20?
17
Calculate 19 + (20 - 1 - (-40 - -114)).
-36
(-9 - -24) + 5 + -30
-10
What is 6 + (12 - (12 + -14 + 34)) + -7?
-21
What is the value of -117 + 129 - (-1 - -2)?
11
Evaluate 8 + 0 - (-442 - -443).
7
Evaluate -6 + -6 + (5 - -37) - 3 - -8.
35
What is -9 + 27 + 22 + -27?
13
1 + -15 - (377 + -399)
8
What is the value of (0 - 22) + 210 + -185?
3
What is the value of 15 + (-2 + -38 - (-46 + 49))?
-28
What is the value of -5 - (6 + (-6 + 3 - 3)) - -18?
13
What is the value of 7 - (-19 + -2 + (-68 - -69))?
27
What is the value of 0 + 4 + -11 - (3 + -3) - 6?
-13
Calculate -197 - -176 - (-16 - 2).
-3
Calculate -3 + 4 + -2 + (1 - 8).
-8
Evaluate -8 - (4 - (16 + 2)).
6
Evaluate 23 + -27 - ((-3 - (-6 + 3)) + 6).
-10
What is (-60 - -39) + -1 + (0 - -6 - -1)?
-15
Evaluate -21 + 19 - ((1 - 10) + -5 + 1).
11
What is the value of 18 - ((3 - (-12 + 10)) + 44)?
-31
Evaluate -4 + 23 + -3 + -13 + 18 + -3.
18
What is the value of 58 - 54 - (4 + -1 + -1 + -5)?
7
What is -9 - (134 + -139 + (1 - 10))?
5
Evaluate -10 + 0 + (27 - (-4 - -5)).
16
What is (-1 - -2) + (-2 + 8 - (-4 - -35))?
-24
Evaluate 29 + -12 + -17 - 13.
-13
What is the value of (-4 - -6 - (4 + 3)) + 6?
1
What is the value of 46 + -46 - (1 + 1 + (-9 - -13))?
-6
Evaluate 2618 + -2658 - (-60 + -1).
21
What is the value of (-1 - -1) + (-2 - 4) - (-72 + 77)?
-11
Calculate 103 + -104 - (-7 + -2).
8
What is the value of 38 - 35 - (4 - (1 + -5)) - -10?
5
What is the value of (-18 + -15 - -89) + -36?
20
-18 + 4 - 8 - (-3 - (